2 (base 10) to base 6
-152040
What is -301a (base 16) in base 5?
-343224
What is 110011100 (base 2) in base 9?
507
What is -a8a7 (base 12) in base 7?
-105052
Convert 10202122 (base 3) to base 2.
101010111000
What is -2822 (base 11) in base 16?
-e46
4309 (base 13) to base 6
111024
Convert 1165 (base 14) to base 9.
4135
What is -7199 (base 10) in base 2?
-1110000011111
-1b13 (base 14) to base 2
-1001100110101
-265e (base 15) to base 2
-1111111111101
What is 420 (base 10) in base 16?
1a4
Convert -1a3 (base 13) to base 7.
-611
What is -102110 (base 4) in base 11?
-976
-56b (base 13) to base 5
-12214
-42182 (base 9) to base 3
-1102012202
What is 1600 (base 7) in base 10?
637
-3aa (base 11) to base 15
-223
Convert -224 (base 8) to base 12.
-104
Convert -10012233 (base 4) to base 16.
-41af
Convert -17a69 (base 12) to base 7.
-202104
What is -11554 (base 6) in base 4?
-122332
Convert -1ab (base 14) to base 15.
-182
What is -284 (base 12) in base 8?
-604
Convert 1910 (base 14) to base 2.
1000110101010
Convert -2451 (base 16) to base 7.
-36051
What is 1022 (base 4) in base 11?
68
Convert 115 (base 16) to base 5.
2102
Convert 5809 (base 15) to base 3.
221122000
Convert 401020 (base 5) to base 13.
599c
Convert 254 (base 12) to base 8.
540
What is -11010011 (base 2) in base 10?
-211
Convert -10303 (base 5) to base 8.
-1277
-a79 (base 12) to base 2
-10111111101
-113262 (base 7) to base 4
-10332123
-1309 (base 11) to base 3
-2100002
Convert -17b (base 13) to base 11.
-227
5445 (base 8) to base 15
ca3
What is 377 (base 9) in base 12?
221
-a2 (base 14) to base 2
-10001110
What is 1a98 (base 13) in base 7?
14461
What is 102143 (base 7) in base 11?
12226
Convert b329 (base 12) to base 8.
46021
Convert 424 (base 10) to base 15.
1d4
What is -113135 (base 6) in base 14?
-37c7
-1b4 (base 16) to base 15
-1e1
What is 2134 (base 7) in base 12?
534
121222 (base 3) to base 11
387
What is -111210101 (base 3) in base 14?
-3942
Convert 332202 (base 4) to base 5.
112002
9354 (base 11) to base 8
30161
-100 (base 14) to base 15
-d1
What is -17a (base 14) in base 11?
-257
-100010011010 (base 2) to base 7
-6264
What is -300432 (base 5) in base 8?
-22424
3c2 (base 16) to base 12
682
What is 1112011 (base 3) in base 11?
920
Convert 15508 (base 14) to base 4.
30332010
Convert -459a (base 13) to base 12.
-5794
112c5 (base 13) to base 7
160062
What is -b3 (base 15) in base 4?
-2220
Convert -1001011001 (base 2) to base 12.
-421
Convert -4a5 (base 11) to base 15.
-29e
Convert 86b (base 14) to base 12.
b67
Convert 255 (base 9) to base 6.
552
Convert 3563 (base 9) to base 6.
20133
What is 12c (base 15) in base 10?
267
11838 (base 9) to base 14
2c97
90 (base 16) to base 11
121
What is 200100021 (base 3) in base 2?
11010000111100
Convert -10120021 (base 3) to base 8.
-5047
Convert -15394 (base 11) to base 16.
-5502
What is 80a (base 11) in base 9?
1306
What is 229 (base 13) in base 6?
1421
What is 16 (base 15) in base 9?
23
What is -1575 (base 12) in base 11?
-19a7
Convert 9b3 (base 15) to base 11.
1714
What is 58 (base 14) in base 16?
4e
Convert -120221 (base 3) to base 8.
-656
3301 (base 6) to base 8
1365
-5364 (base 7) to base 8
-3564
Convert c18 (base 13) to base 14.
a65
-20e4 (base 16) to base 11
-6365
Convert 25 (base 16) to base 14.
29
What is 11011000110011 (base 2) in base 13?
6414
Convert -b020 (base 13) to base 10.
-24193
Convert 165 (base 15) to base 11.
271
10001011000 (base 2) to base 16
458
Convert -3b (base 14) to base 6.
-125
What is -b81 (base 14) in base 6?
-14301
What is 23102 (base 4) in base 12?
502
What is -5155 (base 13) in base 6?
-123544
Convert -5024 (base 6) to base 13.
-664
2001220 (base 3) to base 2
10111100101
What is -121212000 (base 3) in base 14?
-4697
What is 212311 (base 4) in base 6?
15301
-868 (base 9) to base 3
-222022
1001011 (base 2) to base 3
2210
What is 1020122 (base 3) in base 10?
908
What is -13332 (base 4) in base 5?
-4020
1c2b1 (base 13) to base 6
1104303
What is -1232 (base 4) in base 7?
-215
Convert -82703 (base 10) to base 6.
-1434515
191 (base 13) to base 14
167
Convert 11000101000 (base 2) to base 4.
120220
-220210 (base 3) to base 2
-1010011101
What is -47161 (base 10) in base 3?
-2101200201
Convert -7c72 (base 15) to base 4.
-12131000
608 (base 15) to base 5
20413
-579 (base 14) to base 6
-5011
-580 (base 11) to base 8
-1265
-15410 (base 6) to base 2
-100111011110
1011100110 (base 2) to base 3
1000111
1011111010 (base 2) to base 9
1036
Convert 232 (base 5) to base 4.
1003
Convert 212010200 (base 3) to base 11.
11743
Convert -192 (base 12) to base 13.
-167
11000 (base 7) to base 11
2075
5c2 (base 13) to base 4
33223
Convert -432 (base 9) to base 6.
-1345
Convert -44227 (base 10) to base 2.
-1010110011000011
-4441 (base 5) to base 7
-1545
Convert 30413 (base 5) to base 15.
8c3
210201 (base 3) to base 10
586
-1071 (base 11) to base 12
-995
What is 203 (base 11) in base 10?
245
-12a72 (base 11) to base 3
-221111121
Convert 3550 (base 8) to base 10.
1896
Convert 111010110100 (base 2) to base 3.
12011102
What is -3a92 (base 16) in base 7?
-61500
2348 (base 9) to base 11
1347
29871 (base 10) to base 7
153042
-2240112 (base 5) to base 14
-10836
Convert 101468 (base 9) to base 8.
165404
2235 (base 9) to base 14
860
-2131 (base 6) to base 15
-227
Convert 41b (base 14) to base 5.
11214
-365d (base 14) to base 16
-2513
136a (base 11) to base 14
906
Convert 10851 (base 13) to base 9.
45110
-4203 (base 7) to base 3
-2000120
Convert -84d7 (base 16) to base 6.
-421235
What is -11831 (base 9) in base 4?
-1330132
What is 5763 (base 8) in base 3?
11012022
What is -411341 (base 5) in base 4?
-3100202
Convert -12133 (base 5) to base 6.
-4130
3543 (base 16) to base 6
143043
-8137 (base 13) to base 4
-10111333
-21040 (base 10) to base 11
-14898
Convert -1204 (base 11) to base 2.
-11000101001
What is 320103 (base 5) in base 10?
10653
-1972 (base 11) to base 8
-4703
Convert -3a1 (base 15) to base 13.
-4b7
36612 (base 7) to base 10
9564
387 (base 11) to base 13
293
Convert 100110001 (base 2) to base 11.
258
What is -55 (base 9) in base 6?
-122
Convert 12202 (base 4) to base 11.
350
Convert -1cd7 (base 16) to base 2.
-1110011010111
-1034200 (base 6) to base 3
-2121121200
Convert 202022 (base 3) to base 7.
1412
Convert 15554 (base 7) to base 12.
2668
Convert -a7b (base 14) to base 7.
-6014
30012 (base 4) to base 14
3d4
What is 212110201 (base 3) in base 16?
42d6
What is 233 (base 9) in base 4?
3000
Convert -112122012 (base 3) to base 12.
-6212
-3220223 (base 4) to base 2
-11101000101011
What is -53b (base 13) in base 5?
-12040
332 (base 12) to base 2
111010110
What is 3560 (base 7) in base 13?
7a3
Convert 18f4 (base 16) to base 3.
22202121
What is -7195 (base 10) in base 5?
-212240
What is 36a (base 13) in base 7?
1510
What is -11961 (base 10) in base 12?
-6b09
10001101111010011 (base 2) to base 6
1320215
Convert -27112 (base 9) to base 2.
-100011110001101
-4a0 (base 12) to base 16
-2b8
59607 (base 11) to base 2
10100111110011101
Convert 1e9 (base 15) to base 2.
110111100
Convert -38a (base 15) to base 2.
-1100100101
Convert 15726 (base 11) to base 3.
1010102011
Convert 137 (base 9) to base 2.
1110011
Convert -13262 (base 8) to base 2.
-1011010110010
Convert -4502 (base 11) to base 5.
-142211
-b7f (base 16) to base 15
-d13
Convert 1311 (base 4) to base 9.
140
What is -5a66 (base 11) in base 5?
-223222
What is -13643 (base 7) in base 3?
-12011002
-12320 (base 7) to base 16
-cb0
Convert -12634 (base 7) to base 4.
-311032
What is 12230 (base 7) in base 2?
110010000110
What is 2311 (base 6) in base 9?
667
Convert -111001 (base 2) to base 12.
-49
What is -52073 (base 8) in base 10?
-21563
Convert -19080 (base 10) to base 14.
-6d4c
What is 54 (base 14) in base 5?
244
What is 1045 (base 7) in base 11?
312
What is -6a7a (base 11) in base 4?
-2101003
200451 (base 6) to base 10
15727
What is 111110010100 (base 2) in base 15?
12ad
Convert 111101111 (base 2) to base 7.
1305
Convert -26b (base 14) to base 10.
-487
What is 1010110101100110 (base 2) in base 13?
17288
What is -2646 (base 7) in base 8?
-1766
Convert -16884 (base 9) to base 7.
-45664
-858 (base 10) to base 13
-510
Convert -458 (base 14) to base 11.
-714
What is -176 (base 13) in base 16?
-10a
Convert 12a8 (ba